{"id":2298,"date":"2022-03-02T17:15:41","date_gmt":"2022-03-02T22:15:41","guid":{"rendered":"http:\/\/orionexpresscargo.com\/web\/?page_id=2298"},"modified":"2024-03-04T15:19:02","modified_gmt":"2024-03-04T20:19:02","slug":"tdatos","status":"publish","type":"page","link":"https:\/\/orionexpresscargo.com\/web\/company\/tdatos\/","title":{"rendered":"Politica Tratamiendo de datos"},"content":{"rendered":"<div class=\"bt_rc_container\"><section id=\"bt_section69ea4d08b6cef\" data-parallax=\"0.1\" data-parallax-offset=\"0\" class=\"boldSection topExtraSpaced bottomSpaced btDarkSkin gutter btMiddleVertical btParallax wBackground cover\" style=\"background-image:url('https:\/\/orionexpresscargo.com\/web\/wp-content\/uploads\/2015\/09\/train_bckg.jpg');\"><div class=\"port\"><div class=\"boldCell\"><div class=\"boldCellInner\"><div class=\"boldRow \" ><div class=\"rowItem col-md-12 col-ms-12  btTextLeft animate animate-fadein animate-moveleft inherit\"  ><div class=\"rowItemContent\"><header class=\"header btClear extralarge btDash bottomDash  btAccentDash btRegularTitle\" style=\"max-width: 800px;\"><div class=\"dash\"><h1><span class=\"headline\">Tratamiento de datos personales<\/span><\/h1><\/div><p class=\"btSubTitle\">La presente pol\u00edtica se expide en cumplimiento de la Ley 1581 de 2012, Decreto 1377 de 2013 y normas que modifiquen o adicionen el r\u00e9gimen de protecci\u00f3n de datos personales y busca garantizar que ORION EXPRESS CARGO S.A.S en su condici\u00f3n de responsable de manejo de informaci\u00f3n personal, realice el Tratamiento de la misma en estricto cumplimiento de la normatividad aplicable, garantizando los derechos que a los Titulares de la informaci\u00f3n les asiste.<\/p><\/header><div class=\"btClear btSeparator bottomSemiSpaced noBorder\" ><hr><\/div><div class=\"btBtn btBtn btnFilled btnAccentColor btnSmall btnNormal btnIco\" ><div class=\"btIco borderless extrasmall\"><a href=\"#\"  data-ico-fa=\"&#xf0e5;\" class=\"btIcoHolder\"><span>Contact us<\/span><\/a><\/div><\/div><div class=\"btBtn btBtn btnFilled btnNormalColor btnSmall btnNormal btnIco\" ><div class=\"btIco borderless extrasmall\"><a href=\"#\"  data-ico-cs=\"&#xe61d;\" class=\"btIcoHolder\"><span>Our services<\/span><\/a><\/div><\/div><\/div><\/div><\/div><\/div><\/div><\/div><\/section><section id=\"bt_section69ea4d08b6ffc\"  class=\"boldSection topSpaced bottomSemiSpaced gutter inherit\" ><div class=\"port\"><div class=\"boldCell\"><div class=\"boldCellInner\"><div class=\"boldRow \" ><div class=\"rowItem col-md-9 col-ms-12  btTextLeft\"  ><div class=\"rowItemContent\"><header class=\"header btClear medium  btAccentDash btRegularTitle\" ><p class=\"btSuperTitle\">Pol\u00edtica de tratamiento de datos personales<\/p><div class=\"dash\"><h3><span class=\"headline\">TRATAMIENTO AL CUAL SER\u00c1N SOMETIDOS LOS DATOS<\/span><\/h3><\/div><\/header><div class=\"btClear btSeparator topSmallSpaced noBorder\" ><hr><\/div><div class=\"slided smallSliderHeight btSliderHideArrows\"  data-slick='{\"autoplay\":true,\"autoplaySpeed\":3000,\"pauseOnHover\":false,\"pauseOnDotsHover\":true}'><div class=\"slidedItem firstItem\"  data-thumb=\"https:\/\/orionexpresscargo.com\/web\/wp-content\/uploads\/2015\/09\/shutterstock_154792133-320x209.jpg\"><div class=\"btSliderPort wBackground cover\" style=\"background-image: url('https:\/\/orionexpresscargo.com\/web\/wp-content\/uploads\/2015\/09\/shutterstock_154792133.jpg')\"><div class=\"btSliderCell\" data-slick=\"yes\"><div class=\"btSlideGutter\"><div class=\"btSlidePane\"><\/div><\/div><\/div><\/div><\/div><div class=\"slidedItem firstItem\"  data-thumb=\"https:\/\/orionexpresscargo.com\/web\/wp-content\/uploads\/2015\/09\/Harbor-warehouse-320x213.jpg\"><div class=\"btSliderPort wBackground cover\" style=\"background-image: url('https:\/\/orionexpresscargo.com\/web\/wp-content\/uploads\/2015\/09\/Harbor-warehouse.jpg')\"><div class=\"btSliderCell\" data-slick=\"yes\"><div class=\"btSlideGutter\"><div class=\"btSlidePane\"><\/div><\/div><\/div><\/div><\/div><div class=\"slidedItem firstItem\"  data-thumb=\"https:\/\/orionexpresscargo.com\/web\/wp-content\/uploads\/2015\/09\/shutterstock_145340113-320x320.jpg\"><div class=\"btSliderPort wBackground cover\" style=\"background-image: url('https:\/\/orionexpresscargo.com\/web\/wp-content\/uploads\/2015\/09\/shutterstock_145340113.jpg')\"><div class=\"btSliderCell\" data-slick=\"yes\"><div class=\"btSlideGutter\"><div class=\"btSlidePane\"><\/div><\/div><\/div><\/div><\/div><\/div><div class=\"btClear btSeparator topSemiSpaced noBorder\" ><hr><\/div><div class=\"btText\"><p>En ejercicio de su objeto social, ORION EXPRESS CARGO S.A.S, a trav\u00e9s de los colaboradores que hacen parte de la Gerencia General, Gerencia Comercial y Gerencia Administrativa y Financiera, o a trav\u00e9s de contratistas o mandatarios encargados de ello, realiza el Tratamiento de datos personales de: empleados y sus familiares, clientes, contratistas y subcontratista, empleados de sus contratistas y subcontratistas, proveedores, cualquiera de ellos sean activos o inactivos, participantes de los procesos de selecci\u00f3n de personal.<\/p>\n<p>El tratamiento de los datos personales, incluye la transmisi\u00f3n o transferencia de cierta informaci\u00f3n personal a sus sucursales nacionales, a sus socios, en el marco de acuerdos de colaboraci\u00f3n empresarial, a entidades gubernamentales o judiciales por solicitud expresa de las mismas, a clientes, durante y con ocasi\u00f3n de la ejecuci\u00f3n de los contratos suscritos con ellos, o soportar procesos de auditor\u00eda interna o externa.<\/p>\n<p>En desarrollo de los principios de finalidad y libertad, la recolecci\u00f3n de datos personales por parte de ORION EXPRESS CARGO S.A.S se limitar\u00e1 a aquellos datos personales que son pertinentes y adecuados para la finalidad para la cual son recolectados o requeridos conforme a la normatividad vigente. Salvo en los casos expresamente previstos en la Ley, no se podr\u00e1n recolectar datos personales sin autorizaci\u00f3n del Titular.<\/p>\n<p><strong>. DERECHOS DE LOS TITULARES. <\/strong><\/p>\n<p>Los Titulares de los datos personales tienen los siguientes derechos:<\/p>\n<p>Conocer, actualizar y rectificar sus datos personales frente a los Responsables del Tratamiento o Encargados del Tratamiento. Este derecho se podr\u00e1 ejercer, entre otros frente a datos parciales, inexactos, incompletos, fraccionados, que induzcan a error, o aquellos cuyo Tratamiento est\u00e9 expresamente prohibido o no haya sido autorizado.<\/p>\n<p>Solicitar prueba de la autorizaci\u00f3n otorgada al Responsable del Tratamiento salvo cuando expresamente se except\u00fae como requisito para el Tratamiento, de conformidad con lo previsto en el art\u00edculo 10 de la Ley 1581 de 2012.<\/p>\n<p>Ser informado por el Responsable del Tratamiento o el Encargado del Tratamiento, previa solicitud, respecto del uso que le ha dado a sus datos personales.<\/p>\n<p>Presentar ante la Superintendencia de Industria y Comercio quejas por infracciones a lo dispuesto en la presente ley y las dem\u00e1s normas que la modifiquen, adicionen o complementen.<\/p>\n<p>Revocar la autorizaci\u00f3n y\/o solicitar la supresi\u00f3n del dato cuando en el Tratamiento no se respeten los principios, derechos y garant\u00edas constitucionales y legales. La revocatoria y\/o supresi\u00f3n proceder\u00e1 cuando la Superintendencia de Industria y Comercio haya determinado que en el Tratamiento el Responsable o Encargado han incurrido en conductas contrarias a la Constituci\u00f3n y la ley.<\/p>\n<p>Acceder en forma gratuita a sus datos personales que hayan sido objeto de Tratamiento.<\/p>\n<p>Otorgar o no autorizaci\u00f3n sobre la recolecci\u00f3n de datos de car\u00e1cter sensible.<\/p>\n<p><strong>PROCEDIMIENTO PARA EJERCICIO DE DERECHOS POR PARTE DE TITULARES. <\/strong><\/p>\n<p>Los Titulares de datos personales deben dirigir sus consultas peticiones o reclamos al correo <a href=\"mailto:gerencia@orionexpresscargo.com\">gerencia@orionexpresscargo.com<\/a> o a la direcci\u00f3n Carrera 82 No. 25 G 84, Oficina 601, Hotel Hilton Garden de la ciudad de Bogot\u00e1:<\/p>\n<p><strong>a) Consultas:<\/strong> ORION EXPRESS CARGO S.A.S debe atender las consultas en un t\u00e9rmino de diez (10) d\u00edas h\u00e1biles contados a partir de la fecha que se recibi\u00f3 la misma. Cuando no fuere posible cumplir con este tiempo, se deber\u00e1 informar al interesado expresando los motivos del retardo y la fecha en que se atender\u00e1 la consulta en un t\u00e9rmino no mayor a cinco (5) d\u00edas.<\/p>\n<p><strong>b) Reclamos:<\/strong> El Titular o causahabiente que consideren que la informaci\u00f3n contenida en una base de datos debe ser objeto de correcci\u00f3n, actualizaci\u00f3n o supresi\u00f3n, o cuando advierta el presunto incumplimiento de cualquiera de los deberes contenidos en la ley o en la presente Pol\u00edtica, podr\u00e1 presentar un reclamo a ORION EXPRESS CARGO S.A.S el cual ser\u00e1 tramitado bajo las siguientes reglas: i. El reclamo se formular\u00e1 mediante solicitud dirigida al Responsable del Tratamiento o al Encargado del Tratamiento, al correo electr\u00f3nico <a href=\"mailto:gerencia@orionexpresscargo.com\">gerencia@orionexpresscargo.com<\/a> con la identificaci\u00f3n del Titular, la descripci\u00f3n de los hechos que dan lugar al reclamo, la direcci\u00f3n, y acompa\u00f1ando los documentos que se quiera hacer valer. Si el reclamo resulta incompleto, ORION EXPRESS CARGO requerir\u00e1 al interesado dentro de los cinco (5) d\u00edas siguientes a la recepci\u00f3n del mismo para que subsane las fallas. Transcurridos dos (2) meses desde la fecha del requerimiento, sin que el solicitante presente la informaci\u00f3n requerida, se entender\u00e1 que ha desistido del reclamo. ii. El t\u00e9rmino m\u00e1ximo para atender el reclamo ser\u00e1 de quince (15) d\u00edas h\u00e1biles contados a partir del d\u00eda siguiente a la fecha de su recibo. Cuando no fuere posible atender el reclamo dentro de dicho t\u00e9rmino, se informar\u00e1 al interesado los motivos de la demora y la fecha en que se atender\u00e1 su reclamo, la cual en ning\u00fan caso podr\u00e1 superar los ocho (8) d\u00edas h\u00e1biles siguientes al vencimiento del primer t\u00e9rmino. iii. El Titular o causahabiente podr\u00e1 elevar queja ante la Superintendencia de Industria y Comercio, una vez haya agotado el tr\u00e1mite de consulta o reclamo ante el Responsable del Tratamiento o Encargado del Tratamiento.<\/p>\n<p><strong>c) Revocatoria de la autorizaci\u00f3n y\/o supresi\u00f3n del dato:<\/strong> Los Titulares podr\u00e1n en todo momento solicitar a ORION EXPRESS CARGO la supresi\u00f3n de sus datos personales y\/o revocar la autorizaci\u00f3n otorgada para el Tratamiento de los mismos, mediante la presentaci\u00f3n de un reclamo, de acuerdo con lo establecido en el art\u00edculo 15 de la Ley 1581 de 2012, el decreto 1377 de 2013 y el Procedimiento indicado en esta Pol\u00edtica. Si vencido el t\u00e9rmino legal respectivo, ORION EXPRESS CARGO no hubiere eliminado los datos personales, el Titular tendr\u00e1 derecho a solicitar a la Superintendencia de Industria y Comercio que ordene la revocatoria de la autorizaci\u00f3n y\/o la supresi\u00f3n de los datos personales. No obstante lo anterior, los datos personales deber\u00e1n ser conservados cuando as\u00ed se requiera para el cumplimiento de una obligaci\u00f3n legal o contractual.<\/p>\n<p><strong>LIMITACIONES TEMPORALES AL TRATAMIENTO DE LOS DATOS PERSONALES<\/strong>. ORION EXPRESS CARGO s\u00f3lo podr\u00e1 realizar el Tratamiento de datos personales durante el tiempo que sea razonable y necesario, de acuerdo con las finalidades que justificaron el Tratamiento, atendiendo a las disposiciones aplicables a la materia de que se trate y a los aspectos administrativos, contables, fiscales, jur\u00eddicos e hist\u00f3ricos de la informaci\u00f3n. Una vez cumplida la o las finalidades del Tratamiento o vencido el plazo m\u00e1ximo legal en el cual ORION EXPRESS CARGO tiene la obligaci\u00f3n de conservar los datos personales ORION EXPRESS CARGO o el Encargado del Tratamiento proceder\u00e1n a la supresi\u00f3n de los datos personales en su posesi\u00f3n. ORION EXPRESS CARGO y los Encargados del Tratamiento deber\u00e1n documentar los procedimientos para el Tratamiento, conservaci\u00f3n y supresi\u00f3n de los datos personales de conformidad con las disposiciones aplicables a la materia de que se trate, as\u00ed como las instrucciones que al respecto imparta la Superintendencia de Industria y Comercio.<\/p>\n<\/div><\/div><\/div><div class=\"rowItem col-md-3 col-sm-6 col-ms-12 btTextLeft inherit btDoublePadding\"  ><div class=\"rowItemContent\"><header class=\"header btClear small  btAccentDash btRegularTitle\" ><p class=\"btSuperTitle\">READ MORE<\/p><div class=\"dash\"><h4><span class=\"headline\">OTROS SERVICIOS<\/span><\/h4><\/div><\/header><div class=\"btCustomMenu \" ><div class=\"menu-services-menu-container\"><ul id=\"menu-services-menu\" class=\"menu\"><li id=\"menu-item-1152\" class=\"menu-item menu-item-type-post_type menu-item-object-page menu-item-1152\"><a href=\"https:\/\/orionexpresscargo.com\/web\/servicios\/trucking\/\" title=\"\t\t\t\t\t\t\">Transporte Terrestre<\/a><\/li><li id=\"menu-item-1150\" class=\"menu-item menu-item-type-post_type menu-item-object-page menu-item-1150\"><a href=\"https:\/\/orionexpresscargo.com\/web\/servicios\/fletes-internacionales\/\" title=\"\t\t\t\t\t\t\">Fletes Internacionales<\/a><\/li><li id=\"menu-item-1149\" class=\"menu-item menu-item-type-post_type menu-item-object-page menu-item-1149\"><a href=\"https:\/\/orionexpresscargo.com\/web\/servicios\/aduana\/\" title=\"\t\t\t\t\t\t\">COMERCIO EXTERIOR<\/a><\/li><li id=\"menu-item-2289\" class=\"menu-item menu-item-type-custom menu-item-object-custom menu-item-2289\"><a href=\"http:\/\/orionexpresscargo.com\/web\/currier\/\">CURRIER<\/a><\/li>\n<\/ul><\/div><\/div><div class=\"btClear btSeparator topExtraSmallSpaced noBorder\" ><hr><\/div><header class=\"header btClear small  btAccentDash btRegularTitle\" ><div class=\"dash\"><h4><span class=\"headline\">CONTACTENOS<\/span><\/h4><\/div><p class=\"btSubTitle\">601 744 1703<\/p><\/header><div class=\"btIconImageRow\" ><div class=\"btIco borderless extrasmall\"><span  data-ico-fa=\"&#xf098;\" class=\"btIcoHolder\"><span>llamanos: 601 744 1703<\/span><\/span><\/div><\/div><div class=\"btIconImageRow\" ><div class=\"btIco borderless extrasmall\"><span  data-ico-fa=\"&#xf0e0;\" class=\"btIcoHolder\"><span>PRICING@ORIONEXPRESSCARGO.COM<\/span><\/span><\/div><\/div><div class=\"btClear btSeparator topSmallSpaced noBorder\" ><hr><\/div><\/div><\/div><\/div><\/div><\/div><\/div><\/section><section id=\"bt_section69ea4d08b89d9\"  class=\"boldSection bottomSpaced gutter inherit\" ><div class=\"port\"><div class=\"boldCell\"><div class=\"boldCellInner\"><div class=\"boldRow \" ><div class=\"rowItem col-md-3 col-sm-6 col-ms-12 btTextLeft animate animate-fadein btHighlight inherit\"  ><div class=\"rowItemContent\"><div class=\"btClear btSeparator topSemiSpaced noBorder\" ><hr><\/div><div class=\"servicesItem  mediumIcon borderlessIconType \"><div class=\"sIcon\"><div class=\"btIco medium borderless\"><span  data-ico-cs=\"&#xe629;\" class=\"btIcoHolder\"><\/span><\/div><\/div><div class=\"sTxt\"><header class=\"header btClear extrasmall\" ><div class=\"dash\"><h4><span class=\"headline\">SHIPPING<\/span><\/h4><\/div><\/header><p>Donec ut aliquam lorem, eu cursus ipsum. Morbi lorem tortor, gravida sit amet lorem eu.<br><\/p><\/div><\/div><div class=\"btClear btSeparator topSemiSpaced noBorder\" ><hr><\/div><\/div><\/div><div class=\"rowItem col-md-3 col-sm-6 col-ms-12 btTextLeft animate animate-fadein btHighlight inherit\"  ><div class=\"rowItemContent\"><div class=\"btClear btSeparator topSemiSpaced noBorder\" ><hr><\/div><div class=\"servicesItem  mediumIcon borderlessIconType \"><div class=\"sIcon\"><div class=\"btIco medium borderless\"><span  data-ico-cs=\"&#xe627;\" class=\"btIcoHolder\"><\/span><\/div><\/div><div class=\"sTxt\"><header class=\"header btClear extrasmall\" ><div class=\"dash\"><h4><span class=\"headline\">PROTECTION<\/span><\/h4><\/div><\/header><p>Donec ut aliquam lorem, eu cursus ipsum. Morbi lorem tortor, gravida sit amet lorem eu.<br><\/p><\/div><\/div><div class=\"btClear btSeparator topSemiSpaced noBorder\" ><hr><\/div><\/div><\/div><div class=\"rowItem col-md-3 col-sm-6 col-ms-12 btTextLeft animate animate-fadein btHighlight inherit\"  ><div class=\"rowItemContent\"><div class=\"btClear btSeparator topSemiSpaced noBorder\" ><hr><\/div><div class=\"servicesItem  mediumIcon borderlessIconType \"><div class=\"sIcon\"><div class=\"btIco medium borderless\"><span  data-ico-cs=\"&#xe61c;\" class=\"btIcoHolder\"><\/span><\/div><\/div><div class=\"sTxt\"><header class=\"header btClear extrasmall\" ><div class=\"dash\"><h4><span class=\"headline\">WEATHER INSURANCE<\/span><\/h4><\/div><\/header><p>Donec ut aliquam lorem, eu cursus ipsum. Morbi lorem tortor, gravida sit amet lorem eu.<br><\/p><\/div><\/div><div class=\"btClear btSeparator topSemiSpaced noBorder\" ><hr><\/div><\/div><\/div><div class=\"rowItem col-md-3 col-sm-6 col-ms-12 btTextLeft animate animate-fadein inherit btDoublePadding\"  ><div class=\"rowItemContent\"><div class=\"btClear btSeparator topSemiSpaced noBorder\" ><hr><\/div><header class=\"header btClear small  btAccentDash btRegularTitle\" ><p class=\"btSuperTitle\">ABOUT OCEAN CARGO<\/p><div class=\"dash\"><h4><span class=\"headline\">MORE DETAILS<\/span><\/h4><\/div><\/header><\/div><\/div><\/div><\/div><\/div><\/div><\/section><section id=\"bt_section69ea4d08b8c1e\"  class=\"boldSection btDarkSkin gutter inherit\" style=\"background-color:#0b61aa;\"><div class=\"port\"><div class=\"boldCell\"><div class=\"boldCellInner\"><div class=\"boldRow \" ><div class=\"rowItem col-md-12 col-ms-12  btTextLeft\"  ><div class=\"rowItemContent\"><div class=\"btClear btSeparator topSmallSpaced bottomSmallSpaced noBorder\" ><hr><\/div><\/div><\/div><\/div><div class=\"boldRow \" ><div class=\"rowItem col-md-9 col-ms-12  btTextLeft animate animate-fadein animate-moveright btMiddleVertical\"  ><div class=\"rowItemContent\"><header class=\"header btClear medium  btAccentDash btRegularTitle\" ><p class=\"btSuperTitle\">Not sure how much would it cost you?<\/p><div class=\"dash\"><h3><span class=\"headline\">Use our calculator to find out!<\/span><\/h3><\/div><\/header><\/div><\/div><div class=\"rowItem col-md-3 col-sm-6 col-ms-12 btTextRight animate animate-fadein animate-moveleft btMiddleVertical\"  ><div class=\"rowItemContent\"><div class=\"btBtn btBtn btnOutline btnLightColor btnBig btnNormal btnIco\" ><div class=\"btIco borderless extrasmall\"><a href=\"\/transport-company\/services\/cost-calculators\/ocean-cargo-cost-calculator\/\"  data-ico-fa=\"&#xf1ec;\" class=\"btIcoHolder\"><span>Calculator<\/span><\/a><\/div><\/div><\/div><\/div><\/div><div class=\"boldRow \" ><div class=\"rowItem col-md-12 col-ms-12  btTextLeft\"  ><div class=\"rowItemContent\"><div class=\"btClear btSeparator topSmallSpaced bottomSmallSpaced noBorder\" ><hr><\/div><\/div><\/div><\/div><\/div><\/div><\/div><\/section><\/div>","protected":false},"excerpt":{"rendered":"","protected":false},"author":1,"featured_media":0,"parent":58,"menu_order":0,"comment_status":"closed","ping_status":"closed","template":"","meta":{"footnotes":""},"class_list":["post-2298","page","type-page","status-publish","hentry"],"_links":{"self":[{"href":"https:\/\/orionexpresscargo.com\/web\/wp-json\/wp\/v2\/pages\/2298","targetHints":{"allow":["GET"]}}],"collection":[{"href":"https:\/\/orionexpresscargo.com\/web\/wp-json\/wp\/v2\/pages"}],"about":[{"href":"https:\/\/orionexpresscargo.com\/web\/wp-json\/wp\/v2\/types\/page"}],"author":[{"embeddable":true,"href":"https:\/\/orionexpresscargo.com\/web\/wp-json\/wp\/v2\/users\/1"}],"replies":[{"embeddable":true,"href":"https:\/\/orionexpresscargo.com\/web\/wp-json\/wp\/v2\/comments?post=2298"}],"version-history":[{"count":3,"href":"https:\/\/orionexpresscargo.com\/web\/wp-json\/wp\/v2\/pages\/2298\/revisions"}],"predecessor-version":[{"id":2481,"href":"https:\/\/orionexpresscargo.com\/web\/wp-json\/wp\/v2\/pages\/2298\/revisions\/2481"}],"up":[{"embeddable":true,"href":"https:\/\/orionexpresscargo.com\/web\/wp-json\/wp\/v2\/pages\/58"}],"wp:attachment":[{"href":"https:\/\/orionexpresscargo.com\/web\/wp-json\/wp\/v2\/media?parent=2298"}],"curies":[{"name":"wp","href":"https:\/\/api.w.org\/{rel}","templated":true}]}}